{"id":1364,"date":"2015-01-26T14:17:28","date_gmt":"2015-01-26T13:17:28","guid":{"rendered":"http:\/\/localhost\/wordpress\/?page_id=1364"},"modified":"2015-02-16T13:00:13","modified_gmt":"2015-02-16T12:00:13","slug":"kronika-2010","status":"publish","type":"page","link":"http:\/\/baltystyka.uw.edu.pl\/?page_id=1364","title":{"rendered":"Kronika 2010"},"content":{"rendered":"<strong>16 grudnia 2010 roku\u00a0<\/strong>odby\u0142o si\u0119\u00a0<strong>ba\u0142tystyczne spotkanie wigilijne<\/strong>, zorganizowane przez student\u00f3w II roku studi\u00f3w licencjackich.<\/p>\n<hr \/>\n<p><strong>29 listopada 2010 roku\u00a0<\/strong>Ko\u0142o Naukowe Ba\u0142tyst\u00f3w UW zorganizowa\u0142o na Wydziale Polonistyki\u00a0<strong>\u201eAndrzejki ba\u0142tystyczne\u201d<\/strong>.<\/p>\n<hr \/>\n<p><strong>23 listopada 2010 roku\u00a0<\/strong>odby\u0142o si\u0119 zebranie Katedry J\u0119zykoznawstwa Og\u00f3lnego, Wschodnioazjatyckiego Por\u00f3wnawczego i Ba\u0142tystyki, po\u015bwi\u0119cone m.in. dyskusji nad korekt\u0105 programu ba\u0142tystycznych studi\u00f3w II stopnia oraz om\u00f3wieniu dobrych i\u00a0z\u0142ych praktyk w zakresie opieki nad magistrantami.<\/p>\n<hr \/>\n<p><strong>18\u201319 listopada 2010 roku dr Monika Michaliszyn\u00a0<\/strong>bra\u0142a udzia\u0142 w Mi\u0119dzynarodowej Konferencji \u201eInflanty Polskie Dziedzictwo i Historia\u201d, kt\u00f3ra odby\u0142a si\u0119 na Uniwersytecie Jagiello\u0144skim (Krak\u00f3w).Podczas konferencji dr Monika Michaliszyn wyg\u0142osi\u0142a referat \u201eRecepcja polskiej kultury w czasopismach \u0142otewskich okresu niepodleg\u0142o\u015bci \u0141otwy (1918\u20131940)\u201d.<\/p>\n<hr \/>\n<p><strong>14 listopada 2010 roku<\/strong>\u00a0w Archikatedrze \u015bw. Jana Chrzciciela w Warszawie wyst\u0105pi\u0142\u00a0<strong>Litewski Ch\u00f3r Ch\u0142opi\u0119co-M\u0119ski \u201e\u0104\u017euoliukas\u201d<\/strong>\u00a0(pod dyr. prof. Vytautasa Mi\u0161kinisa) oraz (go\u015bcinnie) Warszawski Ch\u00f3r Ch\u0142opi\u0119co \u2013 M\u0119ski (pod dyr. Krzysztofa Kusiela-Moroza). Koncertu wys\u0142uchali m.in. studenci i wyk\u0142adowcy ba\u0142tystyki. Organizatorzy: Ambasada Republiki Litewskiej w Polsce, Uniwersytet Muzyczny im. Fryderyka Chopina w Warszawie.<\/p>\n<hr \/>\n<p><strong>12 pa\u017adziernika 2010 roku\u00a0<\/strong>odby\u0142o si\u0119\u00a0<strong>zebranie pracownik\u00f3w i doktorant\u00f3w<\/strong>\u00a0Katedry J\u0119zykoznawstwa Og\u00f3lnego, Wschodnioazjatyckiego Por\u00f3wnawczego i Ba\u0142tystyki, po\u015bwi\u0119cone m.in. om\u00f3wieniu spraw bie\u017c\u0105cych zwi\u0105zanych z organizacj\u0105 roku akademickiego.<\/p>\n<hr \/>\n<p>W dniach\u00a0<strong>27 wrze\u015bnia \u2013\u00a01 pa\u017adziernika 2010 roku<\/strong>\u00a0pracownicy Zak\u0142adu Ba\u0142tystyki (<strong>mgr I. Aleksa, dr N. Birgiel, dr M. Kozak i dr A. Roman\u010duk)\u00a0<\/strong>uczestniczyli<strong>\u00a0w kursie podnoszenia kwalifikacji dla lektor\u00f3w j\u0119zyka litewskiego jako obcego z o\u015brodk\u00f3w lituanistycznych (ba\u0142tystycznych) spoza Litwy<\/strong>. Kurs odby\u0142 si\u0119 w Wilnie. Organizatorzy: Katedra Studi\u00f3w Lituanistycznych Uniwersytetu Wile\u0144skiego oraz Katedra J\u0119zykoznawstwa Og\u00f3lnego, Wschodnioazjatyckiego Por\u00f3wnawczego i Ba\u0142tystyki UW (partnerzy projektu dofinansowanego przez Ministerstwo O\u015bwiaty i Nauki Republiki Litewskiej w ramach programu \u201eLituanistikos (baltistikos) studij\u0173 ir mokslini\u0173 tyrim\u0173 skatinimo u\u017esienio \u0161ali\u0173 mokslo ir studij\u0173 institucijose 2008\u20132010 met\u0173 programa\u201d); koordynator z ramienia KJOWPiB &#8211; dr A. Roman\u010duk.<\/p>\n<hr \/>\n<p><strong>25 wrze\u015bnia 2010<\/strong>\u00a0<strong>roku<\/strong>\u00a0studenci ba\u0142tystyki reprezentowali nasz kierunek podczas\u00a0<strong>Dnia Otwartego UW<\/strong>. Podczas spotka\u0144 z przysz\u0142ymi kandydatami na studia przedstawiono ofert\u0119 dydaktyczn\u0105 naszego kierunku, dzia\u0142alno\u015b\u0107 student\u00f3w w ramach Ko\u0142a Naukowego Ba\u0142tyst\u00f3w UW oraz wra\u017cenia ze sta\u017cy na Litwie i \u0141otwie. Koordynatorka z ramienia katedry: dr I. Szulska.<\/p>\n<p><img class=\" size-full wp-image-1366 alignnone\" src=\"http:\/\/baltystyka.uw.edu.pl\/wp-content\/uploads\/sites\/46\/2015\/02\/2010_Zdjecie002-1.jpg\" alt=\"2010_Zdjecie002-1\" width=\"450\" \/><br \/>\n<em>Stoisko Ba\u0142tystyki na Dniu Otwartym UW<\/em><\/p>\n<hr \/>\n<p><strong>21 wrze\u015bnia 2010 roku<\/strong>\u00a0w ramach obchod\u00f3w\u00a0<strong>Dnia Jedno\u015bci Ba\u0142t\u00f3w<\/strong>\u00a0w Litewskim Centrum w\u00a0Warszawie odby\u0142 si\u0119\u00a0<strong>wernisa\u017c wystawy prac artys<\/strong><strong>tek Indr\u0117 Martinkien\u0117 i Tatjany Semane<\/strong>, w kt\u00f3rym wzi\u0119li udzia\u0142 tak\u017ce studenci i wyk\u0142adowcy ba\u0142tystyki. Organizatorzy: Ambasada Republiki Litewskiej w Polsce, Ambasada Republiki \u0141otwy w Polsce.<\/p>\n<hr \/>\n<p>W dniach\u00a0<strong>20\u201327 wrze\u015bnia 2010<\/strong>\u00a0<strong>roku<\/strong>\u00a0cz\u0142onkowie Ko\u0142a Naukowego Ba\u0142tyst\u00f3w UW pomagali od strony technicznej w organizacji \u201eEuropejskiego Dnia J\u0119zyk\u00f3w\u201d.<\/p>\n<hr \/>\n<p><strong>1 wrze\u015bnia 2010<\/strong>\u2013<strong>31 stycznia 2011 roku<\/strong>\u00a0<strong>dr Monika Michaliszyn<\/strong>\u00a0w ramach Pa\u0144stwowego stypendium habilitacyjnego (Polsko-\u0142otewskie relacje kulturowe w XX-leciu mi\u0119dzywojennym) ufundowanego przez Biuro Uznawalno\u015bci Wykszta\u0142cenia i Wsp\u00f3\u0142pracy Mi\u0119dzynarodowej przebywa\u0142a na Uniwersytecie \u0141otwy w Rydze.<\/p>\n<hr \/>\n<p><strong>Latem 2010 roku<\/strong>\u00a0po raz pierwszy\u00a0<strong>studenci warszawskiej ba\u0142tystyki<\/strong>\u00a0uzyskali mo\u017cliwo\u015b\u0107 uczestnictwa w dofinansowywanych\u00a0<strong>wakacyjnych kursach j\u0119zyka litewskiego w Wilnie, w Kownie i w K\u0142ajpedzie\u00a0<\/strong>(dzi\u0119ki stypendiom Rz\u0105du Republiki Litewskiej). W kursie w K\u0142ajpedzie wzi\u0119li udzia\u0142 m.in. cz\u0142onkowie Ko\u0142a Naukowego Ba\u0142tyst\u00f3w UW, kt\u00f3rzy\u00a0opr\u00f3cz doskonalenia swoich umiej\u0119tno\u015bci j\u0119zykowych zg\u0142\u0119biali kultur\u0119, histori\u0119 i tradycje Litwy oraz, we w\u0142asnym zakresie, wybrali si\u0119 na kr\u00f3tk\u0105 wycieczk\u0119 na \u0141otw\u0119. Owocem tych wyjazd\u00f3w by\u0142a m.in. seria referat\u00f3w dotycz\u0105cych kultury obu pa\u0144stw ba\u0142tyckich.<\/p>\n<hr \/>\n<p>W dniach\u00a0<strong>1\u20138 sierpnia 2010 roku<\/strong>\u00a0w miasteczku So\u0142y (Salos) na Litwie odby\u0142a si\u0119 VII Mi\u0119dzynarodowa Letnia Szko\u0142a J\u0119zykoznawcza i Konferencja Naukowa\u00a0<strong>\u201eAcademia Grammaticorum Salensis Septima\u201d<\/strong>. Katedr\u0119 J\u0119zykoznawstwa Og\u00f3lnego, Wschodnioazjatyckiego Por\u00f3wnawczego i Ba\u0142tystyki reprezentowali prof. dr hab. Axel Holvoet (g\u0142\u00f3wny organizator letniej szko\u0142y oraz wyk\u0142adowca), prof. dr hab. Jadwiga Linde-Usiekniewicz (wyk\u0142adowca), dr Pawe\u0142 Rutkowski (wyk\u0142adowca) oraz mgr Agnieszka Rembia\u0142kowska (uczestnik).<\/p>\n<hr \/>\n<p><strong>12 czerwca 2010 roku\u00a0<\/strong>cz\u0142onkowie Ko\u0142a Naukowego Ba\u0142tyst\u00f3w UW pomagali podczas organizacji\u00a0<strong>XIV Pikniku Naukowego Polskiego Radia i Centrum Nauki Kopernik<\/strong>\u00a0na stanowisku Kowie\u0144skiego Uniwersytetu Technicznego (Kauno technologijos universitetas). Ba\u0142ty\u015bci po\u015bredniczyli w kontaktach mi\u0119dzy studentami litewskimi a odwiedzaj\u0105cymi stanowisko, ponadto przygotowali w\u0142asne ulotki prezentuj\u0105ce j\u0119zyk litewski. Koordynator \u2013 dr M. Kozak.<\/p>\n<hr \/>\n<p><strong>24 maja 2010 roku<\/strong>\u00a0Ko\u0142o Naukowe Ba\u0142tyst\u00f3w UW pomaga\u0142o na stoisku Litewskiego Zwi\u0105zku Wydawc\u00f3w podczas Mi\u0119dzynarodowych Targ\u00f3w Ksi\u0105\u017cki w Warszawie. By\u0142a to niezwyk\u0142a mo\u017cliwo\u015b\u0107 spotkania i osobistego poznania tw\u00f3rc\u00f3w wsp\u00f3\u0142czesnej literatury litewskiej.<\/p>\n<p><img class=\" size-full wp-image-1365 alignnone\" src=\"\/\/baltystyka.strony.uw.edu.pl\/wp-content\/uploads\/sites\/46\/2015\/02\/2010_24052010-11.jpg\" alt=\"2010_24052010-1\" width=\"450\" \/><br \/>\n<em>Studentka M. Gawerska na stoisku\u00a0Litewskiego Zwi\u0105zku Wydawc\u00f3w<\/em><\/p>\n<hr \/>\n<p>W dniach\u00a0<strong>20\u201321 maja 2010<\/strong>\u00a0<strong>roku<\/strong>\u00a0<strong>prof. dr. hab. Axel Holvoet, dr Inesa Szulska<\/strong>\u00a0i\u00a0<strong>mgr Agnieszka Rembia\u0142kowska\u00a0<\/strong>brali udzia\u0142\u00a0<strong>w\u00a0mi\u0119dzynarodowej konferencji naukowej \u201ePerspektywy Filologii Ba\u0142tyckiej II: Polsko-ba\u0142tyckie kontrasty i kontakty j\u0119zykowe i literackie\u201d<\/strong>\u00a0w Poznaniu.\u00a0Tematy wyst\u0105pie\u0144: prof.\u00a0A. Holvoet &#8211; \u201eReanalysis or just ambiguity? Datival NPs as infinitival clause subjects in Baltic\u201d, dr I. Szulska &#8211; \u201eBiruta.\u00a0Szkic do portretu Litwinki w polskiej literaturze XIX wieku\u201d, mgr A. Rembia\u0142kowska &#8211; \u201eO interpretacji sk\u0142adniowej swobodnych celownik\u00f3w w j\u0119zykach litewskim i polskim\u201d. Organizator: Zak\u0142ad Ba\u0142tologii Uniwersytetu im. Adama Mickiewicza.<\/p>\n<hr \/>\n<p><strong>6 maja 2010 roku\u00a0<\/strong>w Bibliotece Uniwersytetu Warszawskiego<strong>\u00a0w ramach VII edycji Tygodnia Bibliotek odby\u0142a si\u0119 prezentacja 2 wydanych w Wilnie ksi\u0105\u017cek:\u00a0<\/strong>\u201eAdomas Mickevi\u010dius ir moterys. Adam Mickiewicz \u00a0a kobiety\u201d R. \u0160alny, W. Piotrowicza (Wilno 2009) oraz \u201eStanislovas Moravskis: Moter\u0173 fizionomika. Stanis\u0142aw Morawski: Fizyognomistyka kobiet\u201d S. \u0160pokevi\u010diusa, R. \u0160alny, W. Piotrowicza (Wilno 2010). Go\u015b\u0107mi spotkania byli: Rimantas \u0160alna, dyrektor Muzeum Adama Mickiewicza przy Bibliotece Uniwersytetu Wile\u0144skiego, Wojciech Piotrowicz, mieszkaj\u0105cy w Wilnie polski poeta, t\u0142umacz i publicysta, oraz dr Saulius \u0160pokevi\u010dius, wybitny specjalista chirurgii plastycznej. W spotkaniu uczestniczyli studenci i wyk\u0142adowcy ba\u0142tystyki. Organizatorzy: Muzeum Adama Mickiewicza przy Bibliotece Uniwersytetu Wile\u0144skiego oraz Biblioteka Uniwersytetu Warszawskiego.<\/p>\n<hr \/>\n<p><strong>23 kwietnia 2010 roku\u00a0<\/strong>studenci ba\u0142tystyki reprezentowali nasz kierunek podczas\u00a0<strong>Dnia Otwartego UW<\/strong>. Podczas spotka\u0144 z przysz\u0142ymi kandydatami na studia przedstawiono ofert\u0119 dydaktyczn\u0105 naszego kierunku, dzia\u0142alno\u015b\u0107 student\u00f3w w ramach Ko\u0142a Naukowego Ba\u0142tyst\u00f3w UW oraz wra\u017cenia ze sta\u017cy na Litwie i \u0141otwie. Koordynatorka z ramienia KJOWPiB: dr I. Szulska.<\/p>\n<hr \/>\n<p><strong>1 marca 2010 roku<\/strong>\u00a0odby\u0142o si\u0119 zebranie organizacyjne Zak\u0142adu Ba\u0142tystyki, podczas kt\u00f3rego om\u00f3wiono m.in. nowe przepisy dot. opisu oferty dydaktycznej jednostek UW, ujednolicony system oceniania wiedzy studenta (lektoraty), organizacj\u0119 rekrutacji na ba\u0142tystyczne studia II stopnia.","protected":false},"excerpt":{"rendered":"<p>16 grudnia 2010 roku\u00a0odby\u0142o si\u0119\u00a0ba\u0142tystyczne spotkanie wigilijne, zorganizowane przez student\u00f3w II roku studi\u00f3w licencjackich. 29 listopada 2010 roku\u00a0Ko\u0142o Naukowe Ba\u0142tyst\u00f3w UW zorganizowa\u0142o na Wydziale Polonistyki\u00a0\u201eAndrzejki ba\u0142tystyczne\u201d. 23 listopada 2010 roku\u00a0odby\u0142o si\u0119 zebranie Katedry J\u0119zykoznawstwa Og\u00f3lnego, Wschodnioazjatyckiego Por\u00f3wnawczego i Ba\u0142tystyki, po\u015bwi\u0119cone m.in. dyskusji nad korekt\u0105 programu ba\u0142tystycznych studi\u00f3w II stopnia oraz om\u00f3wieniu dobrych i\u00a0z\u0142ych praktyk w &#8230; <a title=\"Kronika 2010\" class=\"read-more\" href=\"http:\/\/baltystyka.uw.edu.pl\/?page_id=1364\" aria-label=\"More on Kronika 2010\">Czytaj dalej<\/a><\/p>\n","protected":false},"author":220,"featured_media":0,"parent":0,"menu_order":0,"comment_status":"closed","ping_status":"open","template":"","meta":{"ngg_post_thumbnail":0,"_links_to":"","_links_to_target":""},"acf":[],"_links":{"self":[{"href":"http:\/\/baltystyka.uw.edu.pl\/index.php?rest_route=\/wp\/v2\/pages\/1364"}],"collection":[{"href":"http:\/\/baltystyka.uw.edu.pl\/index.php?rest_route=\/wp\/v2\/pages"}],"about":[{"href":"http:\/\/baltystyka.uw.edu.pl\/index.php?rest_route=\/wp\/v2\/types\/page"}],"author":[{"embeddable":true,"href":"http:\/\/baltystyka.uw.edu.pl\/index.php?rest_route=\/wp\/v2\/users\/220"}],"replies":[{"embeddable":true,"href":"http:\/\/baltystyka.uw.edu.pl\/index.php?rest_route=%2Fwp%2Fv2%2Fcomments&post=1364"}],"version-history":[{"count":4,"href":"http:\/\/baltystyka.uw.edu.pl\/index.php?rest_route=\/wp\/v2\/pages\/1364\/revisions"}],"predecessor-version":[{"id":1925,"href":"http:\/\/baltystyka.uw.edu.pl\/index.php?rest_route=\/wp\/v2\/pages\/1364\/revisions\/1925"}],"wp:attachment":[{"href":"http:\/\/baltystyka.uw.edu.pl\/index.php?rest_route=%2Fwp%2Fv2%2Fmedia&parent=1364"}],"curies":[{"name":"wp","href":"https:\/\/api.w.org\/{rel}","templated":true}]}}